21
What is 120 (base 8) in base 12?
68
What is 14 (base 16) in base 15?
15
Convert -10 (base 7) to base 2.
-111
What is -226 (base 10) in base 2?
-11100010
What is -111 (base 2) in base 5?
-12
-12 (base 4) to base 15
-6
5 (base 7) to base 10
5
What is 100 (base 2) in base 16?
4
Convert 141 (base 7) to base 14.
58
What is -1 (base 13) in base 10?
-1
Convert 1 (base 11) to base 7.
1
-1 (base 14) to base 3
-1
What is 4 (base 15) in base 7?
4
What is 8 (base 13) in base 5?
13
-33 (base 6) to base 4
-111
-212 (base 7) to base 13
-83
Convert -8 (base 10) to base 11.
-8
Convert -1305 (base 6) to base 3.
-110012
What is 142 (base 5) in base 9?
52
Convert 2 (base 13) to base 4.
2
Convert -32 (base 4) to base 5.
-24
What is 1120 (base 3) in base 16?
2a
1e (base 15) to base 14
21
What is 13 (base 12) in base 7?
21
Convert -20 (base 14) to base 2.
-11100
-126 (base 9) to base 6
-253
Convert -7 (base 15) to base 9.
-7
Convert -5 (base 13) to base 15.
-5
What is -66 (base 11) in base 9?
-80
What is -a0 (base 12) in base 13?
-93
What is -18 (base 10) in base 2?
-10010
Convert 110000 (base 2) to base 9.
53
What is -4 (base 5) in base 2?
-100
Convert 14 (base 5) to base 16.
9
Convert -1 (base 14) to base 12.
-1
What is 4 (base 14) in base 15?
4
What is -13 (base 4) in base 2?
-111
What is 12 (base 7) in base 12?
9
-5 (base 6) to base 7
-5
11 (base 8) to base 2
1001
What is -5 (base 8) in base 6?
-5
What is -310 (base 4) in base 12?
-44
What is -41 (base 5) in base 16?
-15
Convert 15 (base 10) to base 12.
13
2 (base 9) to base 2
10
What is -154 (base 7) in base 4?
-1120
What is 241 (base 8) in base 12?
115
-22 (base 3) to base 10
-8
Convert 16 (base 7) to base 9.
14
0 (base 8) to base 7
0
-14 (base 7) to base 6
-15
Convert 4 (base 9) to base 4.
10
What is -32 (base 7) in base 11?
-21
Convert 243 (base 5) to base 7.
133
What is 6 (base 13) in base 2?
110
What is 241 (base 6) in base 10?
97
Convert -11 (base 3) to base 10.
-4
Convert -68 (base 9) to base 14.
-46
-3 (base 6) to base 9
-3
2 (base 5) to base 13
2
Convert 101 (base 10) to base 12.
85
What is 2 (base 3) in base 8?
2
37 (base 16) to base 3
2001
Convert 4 (base 12) to base 13.
4
What is -5e (base 16) in base 8?
-136
-10 (base 10) to base 5
-20
What is 62 (base 9) in base 12?
48
1 (base 10) to base 11
1
What is 1000 (base 2) in base 9?
8
What is 101 (base 12) in base 2?
10010001
What is 170 (base 9) in base 7?
264
Convert 134 (base 6) to base 3.
2011
Convert -4 (base 5) to base 11.
-4
Convert -6 (base 13) to base 3.
-20
Convert -a1 (base 16) to base 9.
-188
-27 (base 12) to base 6
-51
11 (base 2) to base 13
3
Convert 4 (base 5) to base 8.
4
What is 150 (base 9) in base 5?
1001
Convert 3 (base 8) to base 10.
3
-35 (base 13) to base 15
-2e
Convert 3 (base 13) to base 10.
3
48 (base 12) to base 2
111000
-11 (base 13) to base 16
-e
Convert 6 (base 7) to base 9.
6
Convert 6 (base 11) to base 4.
12
What is 0 (base 5) in base 3?
0
What is 230 (base 7) in base 14?
87
10 (base 13) to base 12
11
What is 17 (base 10) in base 13?
14
430 (base 6) to base 3
20000
300 (base 6) to base 2
1101100
Convert 0 (base 15) to base 9.
0
0 (base 13) to base 7
0
Convert 5 (base 15) to base 12.
5
What is -1b (base 12) in base 15?
-18
What is 154 (base 8) in base 5?
413
3a (base 11) to base 5
133
-12 (base 8) to base 10
-10
What is -250 (base 6) in base 3?
-10210
-54 (base 7) to base 13
-30
78 (base 12) to base 10
92
Convert 100101 (base 2) to base 13.
2b
107 (base 9) to base 6
224
-11122 (base 3) to base 12
-a5
What is 1002 (base 5) in base 10?
127
Convert 4 (base 9) to base 16.
4
What is -6 (base 11) in base 12?
-6
32 (base 8) to base 11
24
What is -16 (base 11) in base 2?
-10001
-1 (base 12) to base 2
-1
Convert -300 (base 5) to base 15.
-50
What is 100 (base 11) in base 4?
1321
Convert 13 (base 14) to base 9.
18
Convert 6 (base 7) to base 8.
6
What is -6b (base 15) in base 16?
-65
3 (base 9) to base 15
3
Convert 100 (base 3) to base 9.
10
91 (base 15) to base 13
a6
Convert -16 (base 15) to base 5.
-41
What is -8 (base 16) in base 13?
-8
Convert 10011 (base 2) to base 6.
31
1102 (base 3) to base 6
102
-2 (base 4) to base 11
-2
Convert -5 (base 14) to base 13.
-5
-a (base 15) to base 7
-13
Convert -105 (base 12) to base 7.
-302
Convert 1 (base 3) to base 9.
1
-3 (base 4) to base 10
-3
145 (base 7) to base 10
82
What is 0 (base 14) in base 2?
0
What is -126 (base 10) in base 13?
-99
Convert 4c (base 13) to base 14.
48
What is 8 (base 14) in base 3?
22
What is -1 (base 10) in base 13?
-1
Convert -32 (base 12) to base 8.
-46
What is 10e (base 16) in base 8?
416
Convert -59 (base 10) to base 6.
-135
15 (base 13) to base 7
24
What is -95 (base 12) in base 8?
-161
Convert -201 (base 6) to base 5.
-243
Convert 1103 (base 4) to base 3.
10002
What is -3122 (base 4) in base 12?
-162
-101100 (base 3) to base 10
-279
37 (base 14) to base 16
31
What is 38 (base 9) in base 15?
25
What is 1 (base 9) in base 5?
1
What is -51 (base 6) in base 9?
-34
What is 1 (base 6) in base 5?
1
What is -4 (base 10) in base 6?
-4
-130 (base 11) to base 6
-414
1 (base 4) to base 7
1
What is 31 (base 4) in base 15?
d
Convert -2 (base 14) to base 7.
-2
-110 (base 3) to base 16
-c
What is 12 (base 8) in base 10?
10
aa (base 16) to base 8
252
-54 (base 9) to base 7
-100
Convert 79 (base 11) to base 14.
62
9 (base 12) to base 8
11
What is 0 (base 2) in base 6?
0
Convert -1 (base 4) to base 5.
-1
10 (base 2) to base 16
2
Convert -4 (base 16) to base 7.
-4
What is 111 (base 2) in base 4?
13
What is 3 (base 12) in base 10?
3
-5 (base 14) to base 8
-5
Convert 17 (base 10) to base 9.
18
1 (base 11) to base 16
1
0 (base 11) to base 14
0
What is 4 (base 9) in base 5?
4
Convert -83 (base 12) to base 3.
-10200
What is -a8 (base 12) in base 2?
-10000000
5 (base 9) to base 10
5
-54 (base 10) to base 12
-46
Convert -78 (base 9) to base 15.
-4b
What is -2 (base 3) in base 11?
-2
23 (base 8) to base 4
103
Convert 43 (base 11) to base 14.
35
Convert -2 (base 9) to base 10.
-2
What is -17 (base 8) in base 10?
-15
11 (base 3) to base 9
4
143 (base 13) to base 15
ee
What is -1 (base 16) in base 9?
-1
What is 6 (base 7) in base 4?
12
What is -2a (base 13) in base 8?
-44
What is -1 (base 3) in base 14?
-1
Convert 0 (base 6) to base 14.
0
What is -10 (base 3) in base 14?
-3
-7 (base 9) to base 16
-7
Convert 13 (base 4) to base 5.
12
Convert 64 (base 12) to base 5.
301
110 (base 2) to base 16
6
Convert -20 (base 10) to base 2.
-10100
0 (base 13) to base 6
0
What is -1 (base 4) in base 6?
-1
What is -85 (base 15) in base 12?
-a5
What is 366 (base 7) in base 13?
120
What is -272 (base 10) in base 14?
-156
-300 (base 12) to base 6
-2000
Convert 167 (base 9) to base 13.
ac
What is -25 (base 6) in base 16?
-11
What is 1303 (base 5) in base 3?
21112
What is 3 (base 10) in base 11?
3
39 (base 11) to base 5
132
What is -6 (base 10) in base 11?
-6
What is 16 (base 15) in base 3?
210
a (base 16) to base 4
22
What is 1 (base 11) in base 6?
1
Convert -34 (base 14) to base 4.
-232
Convert -11 (base 3) to base 5.
-4
Convert 5 (base 9) to base 15.
5
Convert 3 (base 5) to base 8.
3
What is 7 (base 16) in base 4?
13
-2 (base 12) to base 14
-2
Convert 11 (base 13) to base 11.
13
What is -2 (base 3) in base 4?
-2
Convert -2 (base 13) to base 11.
-2
-2 (base 12) to base 7
-2
41 (base 12) to base 13
3a
-3 (base 13) to base 9
-3
What is 2 (base 14) in base 10?
2
Convert 110 (base 4) to base 5.
40
6 (base 12) to base 3
20
Convert -101 (base 4) to base 8.
-21
What is 256 (base 9) in base 15?
e3
What is 31 (base 14) in base 15?
2d
Convert -5c (base 15) to base 3.
-10020
Convert -ae (base 15) to base 2.
-10100100
What is 4 (base 9) in base 15?
4
What is -32 (base 9) in base 7?
-41
What is -152 (base 8) in base 14?
-78
What is 111 (base 3) in base 2?
1101
What is 1 (base 14) in base 4?
1
Convert 3 (base 16) to base 8.
3
Convert -8 (base 14) to base 15.
-8
What is 2 (base 15) in base 7?
2
Convert 22 (base 16) to base 11.
31
0 (base 13) to base 14
0
Convert -27 (base 9) to base 7.
-34
-11112 (base 3) to base 5
-442
-2 (base 13) to base 16
-2
-101222 (base 3) to base 15
-14b
What is -61 (base 7) in base 12?
-37
Convert -10 (base 2) to base 8.
-2
-a7 (base 15) to base 12
-111
-54 (base 14) to base 13
-59
What is -9